{"id":368,"date":"2024-10-02T18:20:22","date_gmt":"2024-10-02T16:20:22","guid":{"rendered":"https:\/\/badmintonlangon.fr\/?page_id=368"},"modified":"2025-08-27T13:57:01","modified_gmt":"2025-08-27T11:57:01","slug":"programmation-2024-2025-activites-socio-sportives","status":"publish","type":"page","link":"https:\/\/badmintonlangon.fr\/index.php\/programmation-2024-2025-activites-socio-sportives\/","title":{"rendered":"Programmation de l&rsquo;ann\u00e9e"},"content":{"rendered":"\n<p>Parce qu&rsquo;on est tous fan de Bad mais qu&rsquo;on aime aussi passer des moments super chouettes en toute simplicit\u00e9, cette ann\u00e9e le bureau de l&rsquo;association vous propose la programmation suivante :<\/p>\n\n\n\n<p>lundi 8 septembre et le samedi 13 septembre : D\u00e9but des sessions jeunes<\/p>\n\n\n\n<p>17 septembre et le 18 septembre  : D\u00e9but des entrainements avec Adrien et Simon<\/p>\n\n\n\n<p>24 septembre : auberge de rentr\u00e9e<\/p>\n\n\n\n<p>29 octobre : tournoi Halloween d\u00e9guis\u00e9<\/p>\n\n\n\n<p>26 novembre : tournoi interclub 2 euros \/personne revers\u00e9s au T\u00e9l\u00e9thon<\/p>\n\n\n\n<p>17 d\u00e9cembre : tournoi de No\u00ebl d\u00e9guis\u00e9<\/p>\n\n\n\n<p>7 janvier : galette<\/p>\n\n\n\n<p>4 f\u00e9vrier : cr\u00eapes<\/p>\n\n\n\n<p>Fin avril : Promobad nocturne 25-26 avril, date \u00e0 confirmer<\/p>\n\n\n\n<p>24 juin : AG de l&rsquo;association, date \u00e0 confirmer<\/p>\n","protected":false},"excerpt":{"rendered":"<p>Parce qu&rsquo;on est tous fan de Bad mais qu&rsquo;on aime aussi passer des moments super chouettes en toute simplicit\u00e9, cette ann\u00e9e le bureau de l&rsquo;association vous propose la programmation suivante : lundi 8 septembre et le samedi 13 septembre : D\u00e9but des sessions jeunes 17 septembre et le 18 septembre : D\u00e9but des entrainements avec &hellip; <\/p>\n<p class=\"link-more\"><a href=\"https:\/\/badmintonlangon.fr\/index.php\/programmation-2024-2025-activites-socio-sportives\/\" class=\"more-link\">Continuer la lecture<span class=\"screen-reader-text\"> de &laquo;&nbsp;Programmation de l&rsquo;ann\u00e9e&nbsp;&raquo;<\/span><\/a><\/p>\n","protected":false},"author":1,"featured_media":0,"parent":0,"menu_order":0,"comment_status":"closed","ping_status":"closed","template":"","meta":{"footnotes":""},"class_list":["post-368","page","type-page","status-publish","hentry"],"_links":{"self":[{"href":"https:\/\/badmintonlangon.fr\/index.php\/wp-json\/wp\/v2\/pages\/368","targetHints":{"allow":["GET"]}}],"collection":[{"href":"https:\/\/badmintonlangon.fr\/index.php\/wp-json\/wp\/v2\/pages"}],"about":[{"href":"https:\/\/badmintonlangon.fr\/index.php\/wp-json\/wp\/v2\/types\/page"}],"author":[{"embeddable":true,"href":"https:\/\/badmintonlangon.fr\/index.php\/wp-json\/wp\/v2\/users\/1"}],"replies":[{"embeddable":true,"href":"https:\/\/badmintonlangon.fr\/index.php\/wp-json\/wp\/v2\/comments?post=368"}],"version-history":[{"count":3,"href":"https:\/\/badmintonlangon.fr\/index.php\/wp-json\/wp\/v2\/pages\/368\/revisions"}],"predecessor-version":[{"id":447,"href":"https:\/\/badmintonlangon.fr\/index.php\/wp-json\/wp\/v2\/pages\/368\/revisions\/447"}],"wp:attachment":[{"href":"https:\/\/badmintonlangon.fr\/index.php\/wp-json\/wp\/v2\/media?parent=368"}],"curies":[{"name":"wp","href":"https:\/\/api.w.org\/{rel}","templated":true}]}}